{"id":350,"date":"2019-02-23T21:26:40","date_gmt":"2019-02-23T20:26:40","guid":{"rendered":"http:\/\/furediszuret.hu\/?page_id=350"},"modified":"2025-10-04T07:40:49","modified_gmt":"2025-10-04T06:40:49","slug":"sutimester","status":"publish","type":"page","link":"http:\/\/furediszuret.hu\/index.php\/sutimester\/","title":{"rendered":"S\u00fctimester"},"content":{"rendered":"\t\t<div data-elementor-type=\"wp-post\" data-elementor-id=\"350\" class=\"elementor elementor-350\">\n\t\t\t\t\t\t<section class=\"elementor-section elementor-top-section elementor-element elementor-element-29099db elementor-section-boxed elementor-section-height-default elementor-section-height-default\" data-id=\"29099db\" data-element_type=\"section\">\n\t\t\t\t\t\t<div class=\"elementor-container elementor-column-gap-default\">\n\t\t\t\t\t<div class=\"elementor-column elementor-col-100 elementor-top-column elementor-element elementor-element-7bbbf62\" data-id=\"7bbbf62\" data-element_type=\"column\">\n\t\t\t<div class=\"elementor-widget-wrap elementor-element-populated\">\n\t\t\t\t\t\t<div class=\"elementor-element elementor-element-884a33b elementor-widget elementor-widget-image\" data-id=\"884a33b\" data-element_type=\"widget\" data-widget_type=\"image.default\">\n\t\t\t\t<div class=\"elementor-widget-container\">\n\t\t\t\t\t\t\t\t\t\t\t\t\t\t\t<img fetchpriority=\"high\" decoding=\"async\" width=\"724\" height=\"1024\" src=\"http:\/\/furediszuret.hu\/wp-content\/uploads\/2025\/10\/Furedi-Szuret_2025.10.10-12_Sutimester_2025.10.12_a3-724x1024.jpg\" class=\"attachment-large size-large wp-image-851\" alt=\"\" srcset=\"http:\/\/furediszuret.hu\/wp-content\/uploads\/2025\/10\/Furedi-Szuret_2025.10.10-12_Sutimester_2025.10.12_a3-724x1024.jpg 724w, http:\/\/furediszuret.hu\/wp-content\/uploads\/2025\/10\/Furedi-Szuret_2025.10.10-12_Sutimester_2025.10.12_a3-212x300.jpg 212w, http:\/\/furediszuret.hu\/wp-content\/uploads\/2025\/10\/Furedi-Szuret_2025.10.10-12_Sutimester_2025.10.12_a3-768x1086.jpg 768w, http:\/\/furediszuret.hu\/wp-content\/uploads\/2025\/10\/Furedi-Szuret_2025.10.10-12_Sutimester_2025.10.12_a3-1086x1536.jpg 1086w, http:\/\/furediszuret.hu\/wp-content\/uploads\/2025\/10\/Furedi-Szuret_2025.10.10-12_Sutimester_2025.10.12_a3-1448x2048.jpg 1448w, http:\/\/furediszuret.hu\/wp-content\/uploads\/2025\/10\/Furedi-Szuret_2025.10.10-12_Sutimester_2025.10.12_a3.jpg 1754w\" sizes=\"(max-width: 724px) 100vw, 724px\" \/>\t\t\t\t\t\t\t\t\t\t\t\t\t\t\t<\/div>\n\t\t\t\t<\/div>\n\t\t\t\t\t<\/div>\n\t\t<\/div>\n\t\t\t\t\t<\/div>\n\t\t<\/section>\n\t\t\t\t<section class=\"elementor-section elementor-top-section elementor-element elementor-element-55fb79a elementor-section-boxed elementor-section-height-default elementor-section-height-default\" data-id=\"55fb79a\" data-element_type=\"section\">\n\t\t\t\t\t\t<div class=\"elementor-container elementor-column-gap-default\">\n\t\t\t\t\t<div class=\"elementor-column elementor-col-100 elementor-top-column elementor-element elementor-element-f7e7d32\" data-id=\"f7e7d32\" data-element_type=\"column\">\n\t\t\t<div class=\"elementor-widget-wrap elementor-element-populated\">\n\t\t\t\t\t\t<div class=\"elementor-element elementor-element-eb7e38e elementor-widget elementor-widget-spacer\" data-id=\"eb7e38e\" data-element_type=\"widget\" data-widget_type=\"spacer.default\">\n\t\t\t\t<div class=\"elementor-widget-container\">\n\t\t\t\t\t\t\t<div class=\"elementor-spacer\">\n\t\t\t<div class=\"elementor-spacer-inner\"><\/div>\n\t\t<\/div>\n\t\t\t\t\t\t<\/div>\n\t\t\t\t<\/div>\n\t\t\t\t\t<\/div>\n\t\t<\/div>\n\t\t\t\t\t<\/div>\n\t\t<\/section>\n\t\t\t\t<section class=\"elementor-section elementor-top-section elementor-element elementor-element-07fdf86 elementor-section-boxed elementor-section-height-default elementor-section-height-default\" data-id=\"07fdf86\" data-element_type=\"section\" data-settings=\"{&quot;background_background&quot;:&quot;video&quot;,&quot;background_video_link&quot;:&quot;http:\\\/\\\/furediszuret.hu\\\/wp-content\\\/uploads\\\/2019\\\/02\\\/furediszuret_03_VP8.webm&quot;,&quot;background_video_start&quot;:0,&quot;background_video_end&quot;:80}\">\n\t\t\t\t\t\t\t\t<div class=\"elementor-background-video-container elementor-hidden-mobile\" aria-hidden=\"true\">\n\t\t\t\t\t\t\t\t\t\t\t\t\t<video class=\"elementor-background-video-hosted\" autoplay muted playsinline loop><\/video>\n\t\t\t\t\t\t\t\t\t\t\t<\/div>\n\t\t\t\t\t\t\t\t\t<div class=\"elementor-background-overlay\"><\/div>\n\t\t\t\t\t\t\t<div class=\"elementor-container elementor-column-gap-default\">\n\t\t\t\t\t<div class=\"elementor-column elementor-col-100 elementor-top-column elementor-element elementor-element-51c17a3\" data-id=\"51c17a3\" data-element_type=\"column\">\n\t\t\t<div class=\"elementor-widget-wrap elementor-element-populated\">\n\t\t\t\t\t\t\t<\/div>\n\t\t<\/div>\n\t\t\t\t\t<\/div>\n\t\t<\/section>\n\t\t\t\t<section class=\"elementor-section elementor-top-section elementor-element elementor-element-51bcc20 elementor-section-boxed elementor-section-height-default elementor-section-height-default\" data-id=\"51bcc20\" data-element_type=\"section\">\n\t\t\t\t\t\t<div class=\"elementor-container elementor-column-gap-default\">\n\t\t\t\t\t<div class=\"elementor-column elementor-col-100 elementor-top-column elementor-element elementor-element-b6e630c\" data-id=\"b6e630c\" data-element_type=\"column\">\n\t\t\t<div class=\"elementor-widget-wrap elementor-element-populated\">\n\t\t\t\t\t\t<div class=\"elementor-element elementor-element-643b2f0 elementor-shape-circle elementor-grid-0 e-grid-align-center elementor-widget elementor-widget-social-icons\" data-id=\"643b2f0\" data-element_type=\"widget\" data-widget_type=\"social-icons.default\">\n\t\t\t\t<div class=\"elementor-widget-container\">\n\t\t\t\t\t\t\t<div class=\"elementor-social-icons-wrapper elementor-grid\">\n\t\t\t\t\t\t\t<span class=\"elementor-grid-item\">\n\t\t\t\t\t<a class=\"elementor-icon elementor-social-icon elementor-social-icon-facebook elementor-repeater-item-c9e191e\" target=\"_blank\">\n\t\t\t\t\t\t<span class=\"elementor-screen-only\">Facebook<\/span>\n\t\t\t\t\t\t\t\t\t\t\t\t\t<i class=\"fa fa-facebook\" aria-hidden=\"true\"><\/i>\n\t\t\t\t\t\t\t\t\t\t\t<\/a>\n\t\t\t\t<\/span>\n\t\t\t\t\t<\/div>\n\t\t\t\t\t\t<\/div>\n\t\t\t\t<\/div>\n\t\t\t\t<div class=\"elementor-element elementor-element-f8f21a5 elementor-widget elementor-widget-text-editor\" data-id=\"f8f21a5\" data-element_type=\"widget\" data-widget_type=\"text-editor.default\">\n\t\t\t\t<div class=\"elementor-widget-container\">\n\t\t\t\t\t\t\t\t\t<p>Minden jog fenntartva!<br \/>Fot\u00f3k: Balatonfured.hu<br \/>Balatonf\u00fcred Kultur\u00e1lis Nonprofit Kft.<br \/>2025.<\/p>\t\t\t\t\t\t\t\t<\/div>\n\t\t\t\t<\/div>\n\t\t\t\t\t<\/div>\n\t\t<\/div>\n\t\t\t\t\t<\/div>\n\t\t<\/section>\n\t\t\t\t<\/div>\n\t\t","protected":false},"excerpt":{"rendered":"<p>Facebook Minden jog fenntartva!Fot\u00f3k: Balatonfured.huBalatonf\u00fcred Kultur\u00e1lis Nonprofit Kft.2025.<\/p>\n","protected":false},"author":1,"featured_media":0,"parent":0,"menu_order":0,"comment_status":"closed","ping_status":"closed","template":"page-templates\/template-pagebuilder-full-width.php","meta":{"neve_meta_sidebar":"","neve_meta_container":"","neve_meta_enable_content_width":"","neve_meta_content_width":70,"neve_meta_title_alignment":"","neve_meta_author_avatar":"","neve_post_elements_order":"","neve_meta_disable_header":"","neve_meta_disable_footer":"","neve_meta_disable_title":"","_themeisle_gutenberg_block_has_review":false,"footnotes":""},"class_list":["post-350","page","type-page","status-publish","hentry"],"_links":{"self":[{"href":"http:\/\/furediszuret.hu\/index.php\/wp-json\/wp\/v2\/pages\/350","targetHints":{"allow":["GET"]}}],"collection":[{"href":"http:\/\/furediszuret.hu\/index.php\/wp-json\/wp\/v2\/pages"}],"about":[{"href":"http:\/\/furediszuret.hu\/index.php\/wp-json\/wp\/v2\/types\/page"}],"author":[{"embeddable":true,"href":"http:\/\/furediszuret.hu\/index.php\/wp-json\/wp\/v2\/users\/1"}],"replies":[{"embeddable":true,"href":"http:\/\/furediszuret.hu\/index.php\/wp-json\/wp\/v2\/comments?post=350"}],"version-history":[{"count":20,"href":"http:\/\/furediszuret.hu\/index.php\/wp-json\/wp\/v2\/pages\/350\/revisions"}],"predecessor-version":[{"id":857,"href":"http:\/\/furediszuret.hu\/index.php\/wp-json\/wp\/v2\/pages\/350\/revisions\/857"}],"wp:attachment":[{"href":"http:\/\/furediszuret.hu\/index.php\/wp-json\/wp\/v2\/media?parent=350"}],"curies":[{"name":"wp","href":"https:\/\/api.w.org\/{rel}","templated":true}]}}